{"id":17,"date":"2024-12-15T22:32:21","date_gmt":"2024-12-15T22:32:21","guid":{"rendered":"https:\/\/smart4you.online\/?page_id=17"},"modified":"2025-08-07T09:31:36","modified_gmt":"2025-08-07T09:31:36","slug":"strona-glowna","status":"publish","type":"page","link":"http:\/\/smart4you.online\/index.php\/strona-glowna\/","title":{"rendered":"Strona g\u0142\u00f3wna"},"content":{"rendered":"\n<p>Witaj na stronie! Obejrzysz kilka zupe\u0142nie niepotrzebnych projekt\u00f3w do \u017cycia opartych na bazie Smart Domu zrobionego na HA (Ho\u0142m Asistant). Projekty zrealizowane dla \u017cartu i ch\u0119ci tworzenia i nie zarabiania na tym jakkolwiek. Na Home Assistant i nawet najzwyklejszym G\u00f3glu Ho\u0142mie mo\u017cna zrobi\u0107 wszytko albo prawie wszystko. Zapraszam do \u015bledzenia strony do ogl\u0105dania oraz \u015bledzenia profilu Facebook i na kana\u0142 YouTube!<\/p>\n\n\n\n<p>Wiadom\u0105 rzecz\u0105 jest, \u017ce sterowa\u0107 urz\u0105dzeniami w domu mo\u017cna za pomoc\u0105 kom\u00f3rki, zdalnie. Wszystkim i w jakikolwiek spos\u00f3b jak sobie wymy\u015blimy.  To banalne. Ale zrobi\u0107 co\u015b innego nietypowego. O tym w\u0142a\u015bnie jest ta strona. <\/p>\n\n\n\n<p class=\"has-text-align-left\">Strona robiona hobbystycznie i dla beki.  Rado\u015bci tworzenia r\u00f3wnie\u017c.  <strong>Ciesz si\u0119 swoim \u017cyciem. Innego mie\u0107 nie b\u0119dziesz \ud83d\ude42<\/strong> Ale og\u00f3lnie to Prezes &#8220;Nie zna si\u0119 &#8230; itd&#8230; &#8220;<\/p>\n\n\n\n<p>Te w\u0142a\u015bciwe projekty w postaci usprawnienia zarz\u0105dzania \u015bwiat\u0142ami i urz\u0105dzeniami w domu te\u017c przedstawi\u0119 ale mo\u017ce troch\u0119 p\u00f3\u017aniej..<\/p>\n","protected":false},"excerpt":{"rendered":"<p>Witaj na stronie! Obejrzysz kilka zupe\u0142nie niepotrzebnych projekt\u00f3w do \u017cycia opartych na bazie Smart Domu zrobionego na HA (Ho\u0142m Asistant). Projekty zrealizowane dla \u017cartu i ch\u0119ci tworzenia i nie zarabiania na tym jakkolwiek. Na Home Assistant i nawet najzwyklejszym G\u00f3glu Ho\u0142mie mo\u017cna zrobi\u0107 wszytko albo prawie wszystko. Zapraszam do \u015bledzenia strony do ogl\u0105dania oraz \u015bledzenia &hellip; <\/p>\n<p class=\"link-more\"><a href=\"http:\/\/smart4you.online\/index.php\/strona-glowna\/\" class=\"more-link\">Continue reading<span class=\"screen-reader-text\"> &#8220;Strona g\u0142\u00f3wna&#8221;<\/span><\/a><\/p>\n","protected":false},"author":1,"featured_media":0,"parent":0,"menu_order":0,"comment_status":"closed","ping_status":"closed","template":"","meta":{"saved_in_kubio":true,"footnotes":""},"class_list":["post-17","page","type-page","status-publish","hentry"],"kubio_ai_page_context":{"short_desc":"","purpose":"general"},"_links":{"self":[{"href":"http:\/\/smart4you.online\/index.php\/wp-json\/wp\/v2\/pages\/17","targetHints":{"allow":["GET"]}}],"collection":[{"href":"http:\/\/smart4you.online\/index.php\/wp-json\/wp\/v2\/pages"}],"about":[{"href":"http:\/\/smart4you.online\/index.php\/wp-json\/wp\/v2\/types\/page"}],"author":[{"embeddable":true,"href":"http:\/\/smart4you.online\/index.php\/wp-json\/wp\/v2\/users\/1"}],"replies":[{"embeddable":true,"href":"http:\/\/smart4you.online\/index.php\/wp-json\/wp\/v2\/comments?post=17"}],"version-history":[{"count":8,"href":"http:\/\/smart4you.online\/index.php\/wp-json\/wp\/v2\/pages\/17\/revisions"}],"predecessor-version":[{"id":497,"href":"http:\/\/smart4you.online\/index.php\/wp-json\/wp\/v2\/pages\/17\/revisions\/497"}],"wp:attachment":[{"href":"http:\/\/smart4you.online\/index.php\/wp-json\/wp\/v2\/media?parent=17"}],"curies":[{"name":"wp","href":"https:\/\/api.w.org\/{rel}","templated":true}]}}